e the highest common factor of 34 and 34.
34
What is the highest common divisor of 36 and 11244?
12
What is the greatest common divisor of 213 and 3479?
71
Calculate the greatest common divisor of 288 and 2112.
96
What is the highest common factor of 782 and 46?
46
What is the highest common divisor of 39 and 3185?
13
Calculate the greatest common divisor of 37627 and 197.
197
What is the greatest common factor of 72 and 99?
9
What is the greatest common factor of 315 and 75?
15
Calculate the greatest common divisor of 207 and 23.
23
What is the greatest common divisor of 189 and 210?
21
Calculate the greatest common divisor of 539 and 77.
77
Calculate the highest common factor of 72 and 4050.
18
What is the greatest common divisor of 54 and 48?
6
What is the highest common divisor of 102 and 442?
34
Calculate the highest common divisor of 476 and 119.
119
Calculate the highest common divisor of 14 and 343.
7
Calculate the highest common divisor of 108 and 4014.
18
Calculate the greatest common factor of 1680 and 384.
48
What is the greatest common factor of 305 and 15?
5
What is the greatest common factor of 91 and 13?
13
What is the greatest common divisor of 276 and 24?
12
What is the highest common factor of 44 and 700?
4
What is the greatest common factor of 1110 and 230?
10
What is the highest common factor of 78408 and 81?
81
Calculate the highest common divisor of 1292 and 1748.
76
Calculate the highest common factor of 729 and 405.
81
Calculate the highest common factor of 667 and 92.
23
Calculate the greatest common divisor of 2068 and 2444.
188
What is the highest common factor of 370 and 70?
10
Calculate the greatest common factor of 265 and 30.
5
Calculate the highest common factor of 348 and 24.
12
Calculate the greatest common factor of 7 and 32935.
7
Calculate the highest common divisor of 300 and 24.
12
What is the highest common factor of 10553 and 61?
61
Calculate the greatest common factor of 782 and 646.
34
Calculate the highest common factor of 909 and 9.
9
Calculate the greatest common divisor of 56 and 40.
8
What is the greatest common divisor of 6052 and 476?
68
What is the greatest common factor of 8 and 904?
8
Calculate the highest common divisor of 126 and 854.
14
Calculate the highest common factor of 465 and 775.
155
What is the highest common divisor of 4872 and 756?
84
What is the greatest common divisor of 455 and 280?
35
Calculate the greatest common factor of 39 and 143.
13
Calculate the greatest common factor of 574 and 182.
14
What is the greatest common factor of 323 and 266?
19
Calculate the greatest common factor of 9 and 693.
9
What is the greatest common divisor of 241 and 17?
1
What is the highest common factor of 2430 and 360?
90
What is the greatest common divisor of 1755 and 135?
135
What is the greatest common divisor of 1386 and 154?
154
Calculate the greatest common divisor of 10 and 2260.
10
Calculate the greatest common divisor of 96 and 8704.
32
Calculate the highest common divisor of 9 and 144.
9
Calculate the highest common factor of 102 and 357.
51
Calculate the highest common factor of 44229 and 138.
69
What is the greatest common factor of 260 and 10?
10
Calculate the highest common factor of 4 and 2468.
4
What is the greatest common divisor of 184 and 322?
46
What is the greatest common factor of 64 and 23392?
32
What is the greatest common factor of 3440 and 80?
80
What is the highest common factor of 212 and 4?
4
What is the highest common factor of 1190 and 30?
10
What is the greatest common factor of 1273 and 201?
67
What is the highest common divisor of 1080 and 90?
90
Calculate the highest common divisor of 5977 and 278.
139
What is the greatest common factor of 2316 and 24?
12
Calculate the highest common factor of 2360 and 120.
40
What is the greatest common factor of 30 and 290?
10
What is the highest common divisor of 2996 and 56?
28
What is the greatest common divisor of 1992 and 2739?
249
Calculate the highest common factor of 5 and 895.
5
Calculate the greatest common factor of 34 and 2363.
17
Calculate the greatest common factor of 3 and 26.
1
What is the greatest common factor of 1160 and 1240?
40
What is the highest common factor of 24 and 60?
12
Calculate the greatest common divisor of 2656 and 32.
32
Calculate the highest common divisor of 9728 and 48.
16
Calculate the greatest common factor of 120918 and 42.
42
What is the highest common divisor of 98 and 3136?
98
What is the highest common factor of 44 and 198?
22
Calculate the greatest common factor of 2883 and 124.
31
Calculate the greatest common divisor of 1781 and 13.
13
Calculate the greatest common factor of 3690 and 90.
90
What is the greatest common factor of 688 and 48?
16
Calculate the highest common factor of 3686 and 494.
38
Calculate the highest common divisor of 42 and 63.
21
What is the greatest common factor of 32 and 1520?
16
Calculate the greatest common factor of 1188 and 1998.
54
What is the greatest common factor of 32 and 416?
32
Calculate the greatest common divisor of 960 and 30.
30
Calculate the greatest common factor of 156 and 18.
6
Calculate the greatest common factor of 144 and 624.
48
Calculate the highest common divisor of 759 and 165.
33
Calculate the highest common factor of 186 and 54498.
186
Calculate the highest common divisor of 1560 and 15.
15
What is the greatest common divisor of 5649 and 63?
21
Calculate the highest common factor of 3905 and 275.
55
Calculate the greatest common factor of 88 and 8.
8
What is the highest common divisor of 1449 and 63?
63
Calculate the greatest common divisor of 26 and 70.
2
What is the highest common factor of 2945 and 930?
155
Calculate the greatest common divisor of 351 and 286.
13
Calculate the greatest common divisor of 9 and 51.
3
Calculate the highest common divisor of 40 and 200.
40
Calculate the greatest common divisor of 14 and 1134.
14
What is the highest common divisor of 130 and 3185?
65
What is the greatest common factor of 147 and 13426?
49
What is the greatest common divisor of 330 and 748?
22
Calculate the greatest common divisor of 308 and 14.
14
What is the greatest common divisor of 992 and 62?
62
Calculate the highest common divisor of 110 and 286.
22
Calculate the greatest common factor of 4066 and 214.
214
What is the highest common factor of 222 and 8?
2
What is the greatest common divisor of 8 and 44?
4
What is the highest common factor of 1082 and 2?
2
What is the greatest common divisor of 2585 and 55?
55
What is the highest common factor of 1025 and 2747?
41
Calculate the greatest common factor of 265 and 40.
5
Calculate the highest common divisor of 58 and 7018.
58
Calculate the greatest common factor of 29 and 928.
29
Calculate the greatest common factor of 1122 and 198.
66
What is the highest common factor of 846 and 18?
18
Calculate the greatest common divisor of 74 and 1517.
37
Calculate the greatest common divisor of 287 and 82.
41
Calculate the greatest common factor of 16274 and 103.
103
What is the highest common factor of 142 and 6?
2
What is the highest common divisor of 6 and 1149?
3
What is the highest common divisor of 24719 and 19?
19
Calculate the greatest common factor of 1 and 7.
1
What is the highest common factor of 1290 and 1590?
30
Calculate the greatest common divisor of 1664 and 13.
13
What is the highest common divisor of 84 and 203?
7
Calculate the greatest common divisor of 1326 and 208.
26
What is the highest common factor of 93 and 3?
3
Calculate the greatest common factor of 475 and 1330.
95
What is the greatest common factor of 78 and 182?
26
Calculate the highest common factor of 14 and 98.
14
Calculate the highest common factor of 2884 and 28.
28
Calculate the highest common factor of 55 and 22.
11
Calculate the highest common factor of 2611 and 14.
7
Calculate the greatest common factor of 72 and 1952.
8
What is the greatest common divisor of 99 and 693?
99
Calculate the highest common divisor of 1794 and 156.
78
What is the greatest common factor of 7452 and 27?
27
What is the highest common factor of 171 and 228?
57
What is the greatest common divisor of 200 and 15200?
200
Calculate the greatest common divisor of 2498 and 2.
2
Calculate the greatest common factor of 17101 and 